{"id":767,"date":"2014-05-22T11:41:07","date_gmt":"2014-05-22T11:41:07","guid":{"rendered":"http:\/\/backline.seerow.dev\/peter-lemmenmeier-pdg\/"},"modified":"2025-12-17T09:24:53","modified_gmt":"2025-12-17T08:24:53","slug":"peter-lemmenmeier-pdg","status":"publish","type":"page","link":"https:\/\/backline.ch\/fr\/entreprise\/team-2\/peter-lemmenmeier-pdg\/","title":{"rendered":"Peter Lemmenmeier \/ Membre de la Direction"},"content":{"rendered":"<p><em>Avec nous depuis:<\/em><br \/>\n2009<br \/>\n<em>Concert pr\u00e9f\u00e9r\u00e9:<\/em><br \/>\nPeter Gabriel \u2013 Secret World Tour 1994<br \/>\n<em>Groupe pr\u00e9f\u00e9r\u00e9:<\/em><br \/>\nPink Floyd<\/p>\n","protected":false},"excerpt":{"rendered":"<p>Avec nous depuis: 2009 Concert pr\u00e9f\u00e9r\u00e9: Peter Gabriel \u2013 Secret World Tour 1994 Groupe pr\u00e9f\u00e9r\u00e9: Pink Floyd<\/p>\n","protected":false},"author":1,"featured_media":2314,"parent":806,"menu_order":4,"comment_status":"closed","ping_status":"closed","template":"","meta":{"_acf_changed":false,"footnotes":""},"class_list":["post-767","page","type-page","status-publish","has-post-thumbnail","hentry"],"acf":[],"_links":{"self":[{"href":"https:\/\/backline.ch\/fr\/wp-json\/wp\/v2\/pages\/767","targetHints":{"allow":["GET"]}}],"collection":[{"href":"https:\/\/backline.ch\/fr\/wp-json\/wp\/v2\/pages"}],"about":[{"href":"https:\/\/backline.ch\/fr\/wp-json\/wp\/v2\/types\/page"}],"author":[{"embeddable":true,"href":"https:\/\/backline.ch\/fr\/wp-json\/wp\/v2\/users\/1"}],"replies":[{"embeddable":true,"href":"https:\/\/backline.ch\/fr\/wp-json\/wp\/v2\/comments?post=767"}],"version-history":[{"count":9,"href":"https:\/\/backline.ch\/fr\/wp-json\/wp\/v2\/pages\/767\/revisions"}],"predecessor-version":[{"id":3177,"href":"https:\/\/backline.ch\/fr\/wp-json\/wp\/v2\/pages\/767\/revisions\/3177"}],"up":[{"embeddable":true,"href":"https:\/\/backline.ch\/fr\/wp-json\/wp\/v2\/pages\/806"}],"wp:featuredmedia":[{"embeddable":true,"href":"https:\/\/backline.ch\/fr\/wp-json\/wp\/v2\/media\/2314"}],"wp:attachment":[{"href":"https:\/\/backline.ch\/fr\/wp-json\/wp\/v2\/media?parent=767"}],"curies":[{"name":"wp","href":"https:\/\/api.w.org\/{rel}","templated":true}]}}

<p><em>Avec nous depuis:</em><br />
2009<br />
<em>Concert préféré:</em><br />
Peter Gabriel – Secret World Tour 1994<br />
<em>Groupe préféré:</em><br />
Pink Floyd</p>

<p>Avec nous depuis: 2009 Concert préféré: Peter Gabriel – Secret World Tour 1994 Groupe préféré: Pink Floyd</p>
